{"id":7,"date":"2022-01-10T22:09:38","date_gmt":"2022-01-10T21:09:38","guid":{"rendered":"https:\/\/www.kheopsmusic.com\/?page_id=7"},"modified":"2022-01-10T23:36:46","modified_gmt":"2022-01-10T22:36:46","slug":"biographie","status":"publish","type":"page","link":"https:\/\/www.kheopsmusic.com\/?page_id=7","title":{"rendered":"Biographie"},"content":{"rendered":"\r\n<p><img loading=\"lazy\" decoding=\"async\" class=\"alignnone size-full wp-image-299\" src=\"https:\/\/www.kheopsmusic.com\/wp-content\/uploads\/2022\/01\/Kheops_150px.png\" alt=\"\" width=\"150\" height=\"56\" \/>\u00a0<\/p>\r\n<p>On doit l&rsquo;id\u00e9e du concept KHEOPS au musicien\/clavi\u00e9riste Aril Laury et au producteur\/\u00e9diteur Timothy Hagelstein. R\u00e9unir des artistes, musiciens, chanteurs et chanteuses de tous les horizons et, concevoir un album de musiques universelles.<\/p>\r\n\r\n\r\n\r\n<p>Aril Laury, auteur-compositeur, arrangeur, ing\u00e9nieur du son, producteur, auteur de nombreux succ\u00e8s instrumentaux et arrangeur pour des artistes c\u00e9l\u00e8bres, s&rsquo;attela au projet de mani\u00e8re tr\u00e8s active. Sa musique est une fusion entre une musique \u00ab\u00a0new age &#8211; dance\u00a0\u00bb accessible et agr\u00e9able, et de v\u00e9ritables voix et instruments ethniques parmi les meilleurs de la World Music. Le r\u00e9sultat de longues et patientes recherches techniques en studio !<\/p>\r\n\r\n\r\n\r\n<p>Timothy Hagelstein s&rsquo;occupant principalement de r\u00e9unir des voix, interpr\u00e8tes de toutes nationalit\u00e9s ; Aril Laury de pr\u00e9parer la \u00ab\u00a0mixture\u00a0\u00bb, c&rsquo;est \u00e0 dire composer et orchestrer les musiques, introduire les instruments acoustiques, diriger les artistes, arranger les chants, r\u00e9aliser et produire le travail final.<\/p>\r\n\r\n\r\n\r\n<p>Toutes les parties vocales et instrumentales ethniques sont authentiques. Certaines voix ont \u00e9t\u00e9 enregistr\u00e9es dans le pays d&rsquo;origine, et ensuite r\u00e9inject\u00e9es dans la construction basique de l&rsquo;\u0153uvre, \u00e9tant m\u00eame parfois la source d&rsquo;inspiration pour composer la musique.<\/p>\r\n\r\n\r\n\r\n<p>Dans un premier album intitul\u00e9 PYRAMIX (1996), bas\u00e9 sur une musique ou l&rsquo;\u00e9sot\u00e9risme et les r\u00e9f\u00e9rences \u00e0 l&rsquo;humanisme sont \u00e9vidents, on peut notamment entendre : les Ch\u0153urs des Moines de l&rsquo;Abbaye de St Michel, (un monast\u00e8re du sud de la France), Maria da Piedade Fernandes et Jos\u00e9 Angelo de Lisbonne (Portugal), Farida Baser du Caire (Egypte), Malika Lousbib de Djerba (Tunisie), Irish Beer Band de Dublin (Irlande), Yvana Oivana, Katarina Ivanoff, Stefania Lyondev et Nadenja Manoff de Sofia (Bulgarie), Ylena, Sylvia Cheyenne et Alan Ward (Belgique), etc\u2026<\/p>\r\n\r\n\r\n\r\n<p>Premier essai, premier succ\u00e8s ! R\u00e9sultats\u00a0\u00a0 : des ventes int\u00e9ressantes dans plusieurs pays comme la Cor\u00e9e, Br\u00e9sil, Espagne, Portugal, Su\u00e8de, Italie, Suisse, France, B\u00e9n\u00e9lux \u2026 Le titre \u00ab\u00a0Mystic Land\u00a0\u00bb devient le support musical de la publicit\u00e9 du shampoing \u00ab\u00a0Timotei\u00a0\u00bb et fait grimper les ventes en Espagne.<\/p>\r\n\r\n\r\n\r\n<p>Plusieurs titres sont synchronis\u00e9s dans des longs m\u00e9trages en France.\u00a0\u00a0Le titre \u00ab Ultima Lagrima\u00a0\u00bb est repris par la c\u00e9l\u00e8bre chanteuse italienne Teresa De Sio sous l&rsquo;adaptation \u00abRondine\u00a0\u00bb. Chanson phare de son album \u00abPrimo viene l&rsquo;amore\u00a0\u00bb, elle en fait un succ\u00e8s en Italie chez Warner.<\/p>\r\n\r\n\r\n\r\n<p>Quatre ann\u00e9es apr\u00e8s PYRAMIX, les concepteurs du projet r\u00e9cidivent et, apr\u00e8s une longue r\u00e9flexion, ils recherchent un travail plus lin\u00e9aire mais dans le m\u00eame esprit.<\/p>\r\n\r\n\r\n\r\n<p>Ainsi, sort un nouvel album intitul\u00e9 BALKANS , dans lequel la majorit\u00e9 des titres sont en ancien bulgare ou tsigane hongrois, presque intraduisibles aujourd&rsquo;hui et reprenant des chants ethniques des Balkans. Le projet est le m\u00eame : par la musique, r\u00e9aliser le m\u00e9tissage de diverses cultures afin d&rsquo;\u00e9largir les horizons. Il fut fait appel, ici, \u00e0 de nouveaux musiciens, chanteurs et chanteuses principalement hongrois et bulgares.<\/p>\r\n\r\n\r\n\r\n<p>On trouve dans ce deuxi\u00e8me album de KHEOPS les voix de : Ir\u00e8n Lov\u00e1sz, Katalin Szab\u00f3, Eva Rossi, Olga S\u00e1rosi, Anna Nov\u00e1k, Fiona Calzone et Emma Zakarian (c\u00f4t\u00e9 f\u00e9minin) ; Ju\u00e0n et Antonio Ram\u00f2n, Dimitri Kiss, Freddy Cornez et les Ch\u0153urs de St. Michel (c\u00f4t\u00e9 masculin).<\/p>\r\n\r\n\r\n\r\n<p>Les violons tsiganes sont interpr\u00e9t\u00e9s par l&rsquo;orchestre de Zolt\u00e0n Patai, tandis que le texte d&rsquo;introduction \u00e0 l&rsquo;album, \u00e9crit par Timothy Hagelstein, est adapt\u00e9 et r\u00e9cit\u00e9 par Alan Ward.<\/p>\r\n\r\n\r\n\r\n<p>BALKANS \u2013 le nouvel opus de KHEOPS sort en mars 2000 au B\u00e9n\u00e9lux, France, Italie, Portugal, Espagne, Br\u00e9sil, Australie, Cor\u00e9e et Canada.\u00a0\u00a0Au-del\u00e0 de l&rsquo;aspect artistique, KHEOPS se veut \u00eatre un vecteur fondamental de la musique et de l&rsquo;ouverture vers d&rsquo;autres cultures. Artistiquement, l&rsquo;universalit\u00e9 de sa cr\u00e9ation est un \u00e9l\u00e9ment incontournable destin\u00e9 \u00e0 rassembler les peuples et \u00e9duquer les oreilles d&rsquo;une mani\u00e8re musicale originale aux sons et voix des autres.<\/p>\r\n\r\n\r\n\r\n<p>Ceux avec qui nous devons tenter de vivre nos diff\u00e9rences !<\/p>\r\n","protected":false},"excerpt":{"rendered":"<p>\u00a0 On doit l&rsquo;id\u00e9e du concept KHEOPS au musicien\/clavi\u00e9riste Aril Laury et au producteur\/\u00e9diteur Timothy Hagelstein. R\u00e9unir des artistes, musiciens, chanteurs et chanteuses de tous les horizons et, concevoir un album de musiques universelles. Aril Laury, auteur-compositeur, arrangeur, ing\u00e9nieur du son, producteur, auteur de nombreux succ\u00e8s instrumentaux et arrangeur pour des artistes c\u00e9l\u00e8bres, s&rsquo;attela au projet de mani\u00e8re tr\u00e8s active. Sa musique est une fusion entre une musique \u00ab\u00a0new age &#8211; dance\u00a0\u00bb accessible et agr\u00e9able, et de v\u00e9ritables voix et instruments ethniques parmi les meilleurs de la<\/p>\n","protected":false},"author":1,"featured_media":0,"parent":0,"menu_order":0,"comment_status":"closed","ping_status":"closed","template":"page-FullWidth.php","meta":{"footnotes":""},"class_list":["post-7","page","type-page","status-publish","hentry"],"_links":{"self":[{"href":"https:\/\/www.kheopsmusic.com\/index.php?rest_route=\/wp\/v2\/pages\/7","targetHints":{"allow":["GET"]}}],"collection":[{"href":"https:\/\/www.kheopsmusic.com\/index.php?rest_route=\/wp\/v2\/pages"}],"about":[{"href":"https:\/\/www.kheopsmusic.com\/index.php?rest_route=\/wp\/v2\/types\/page"}],"author":[{"embeddable":true,"href":"https:\/\/www.kheopsmusic.com\/index.php?rest_route=\/wp\/v2\/users\/1"}],"replies":[{"embeddable":true,"href":"https:\/\/www.kheopsmusic.com\/index.php?rest_route=%2Fwp%2Fv2%2Fcomments&post=7"}],"version-history":[{"count":3,"href":"https:\/\/www.kheopsmusic.com\/index.php?rest_route=\/wp\/v2\/pages\/7\/revisions"}],"predecessor-version":[{"id":355,"href":"https:\/\/www.kheopsmusic.com\/index.php?rest_route=\/wp\/v2\/pages\/7\/revisions\/355"}],"wp:attachment":[{"href":"https:\/\/www.kheopsmusic.com\/index.php?rest_route=%2Fwp%2Fv2%2Fmedia&parent=7"}],"curies":[{"name":"wp","href":"https:\/\/api.w.org\/{rel}","templated":true}]}}